
Is 10041623 a prime number?
False
Is 32043721 prime?
True
Is 1446587 prime?
True
Is 352379731 prime?
False
Is 20138009 a prime number?
False
Is 94115107 a composite number?
True
Is 34717181 prime?
True
Is 36908467 composite?
False
Is 67647929 prime?
True
Is 53272763 prime?
True
Is 5480339 composite?
True
Is 164354101 composite?
True
Is 540465923 prime?
False
Is 41003267 composite?
False
Is 4790459 a composite number?
False
Is 36402973 composite?
False
Is 153313 a prime number?
True
Is 16544219 composite?
False
Is 67157779 a composite number?
True
Is 358363717 composite?
True
Is 22193441 composite?
False
Is 81801257 a composite number?
True
Is 2433803 a composite number?
False
Is 11402735 a composite number?
True
Is 20881673 prime?
True
Is 106591 a prime number?
True
Is 44153707 composite?
True
Is 205877995 prime?
False
Is 94056197 a prime number?
True
Is 1989341 a prime number?
True
Is 4092871 a composite number?
False
Is 106103 prime?
True
Is 105107 a composite number?
False
Is 12349577 composite?
False
Is 86170619 composite?
False
Is 3841711 composite?
True
Is 46369481 prime?
False
Is 5381827 a prime number?
False
Is 92078531 composite?
False
Is 138091 composite?
True
Is 55429 a prime number?
False
Is 6188029 composite?
False
Is 245277169 prime?
True
Is 1904233 a composite number?
False
Is 299498 a composite number?
True
Is 1735823 prime?
True
Is 7248993 a composite number?
True
Is 27453137 a composite number?
False
Is 36020891 a prime number?
True
Is 298559 composite?
False
Is 5312491 composite?
False
Is 1643269 a composite number?
False
Is 76458253 a prime number?
True
Is 621965177 a prime number?
True
Is 2330021 a composite number?
False
Is 6958691 prime?
False
Is 9628061 a composite number?
False
Is 1425337 a prime number?
True
Is 14656619 composite?
True
Is 70093871 composite?
False
Is 1567513 composite?
False
Is 3823289 a prime number?
True
Is 648716119 prime?
False
Is 18632311 a prime number?
False
Is 1235659 a composite number?
False
Is 23357791 prime?
True
Is 617239 prime?
False
Is 13162089 a composite number?
True
Is 58001579 prime?
False
Is 13483373 a prime number?
True
Is 30293 composite?
False
Is 4831193 a composite number?
False
Is 44057597 composite?
False
Is 2960843 a prime number?
False
Is 22995683 prime?
True
Is 2885513 a prime number?
False
Is 9680173 a prime number?
True
Is 8256371 a prime number?
False
Is 1436759 prime?
False
Is 15121507 prime?
True
Is 6887663 prime?
True
Is 3610687 a composite number?
True
Is 8834671 prime?
True
Is 2134697 prime?
True
Is 449545 composite?
True
Is 21826969 a prime number?
True
Is 1717319 prime?
False
Is 2010773 a composite number?
True
Is 2249813 prime?
True
Is 3678127 a prime number?
False
Is 30044149 a prime number?
False
Is 39018763 prime?
False
Is 16079939 prime?
True
Is 5664881 a composite number?
True
Is 52449209 a composite number?
True
Is 57557642 a prime number?
False
Is 17286613 prime?
False
Is 17694857 a prime number?
False
Is 1900559 a composite number?
True
Is 1098856757 a composite number?
True
Is 2061503 prime?
True
Is 5255087 prime?
False
Is 4524083 prime?
True
Is 174312719 a composite number?
True
Is 92634257 a composite number?
True
Is 6554309 prime?
True
Is 193261351 prime?
True
Is 1929547 composite?
True
Is 3938981 prime?
True
Is 5485757 prime?
True
Is 1006721 a composite number?
False
Is 3592381 a composite number?
True
Is 4051939 prime?
True
Is 7799723 a composite number?
False
Is 3816793 prime?
True
Is 1360943 composite?
False
Is 221000921 a composite number?
False
Is 2027297 a prime number?
True
Is 14295587 composite?
False
Is 58584998 prime?
False
Is 42700835 composite?
True
Is 53406623 composite?
True
Is 1378373 prime?
True
Is 300301721 composite?
True
Is 25510601 prime?
False
Is 465193997 a composite number?
True
Is 9814439 composite?
False
Is 29860157 a prime number?
True
Is 22564847 a composite number?
False
Is 13124453 a composite number?
True
Is 471290987 a prime number?
True
Is 4774747 a composite number?
False
Is 17453581 a composite number?
True
Is 57776419 a composite number?
False
Is 1262879 a composite number?
True
Is 51821477 a prime number?
False
Is 261532571 composite?
False
Is 79808621 prime?
True
Is 1497619 a prime number?
True
Is 3284543 prime?
False
Is 1236029 composite?
True
Is 5864993 prime?
True
Is 1031897 prime?
False
Is 1229351 a composite number?
False
Is 1509511 a composite number?
True
Is 1256715349 a prime number?
True
Is 28513759 composite?
False
Is 9535367 a prime number?
True
Is 40484567 a prime number?
True
Is 4220137 a prime number?
True
Is 12955889 composite?
False
Is 2604817 prime?
False
Is 7557683 prime?
False
Is 962411273 a prime number?
False
Is 1715689 prime?
False
Is 25544653 a prime number?
False
Is 347003141 composite?
False
Is 111701633 prime?
False
Is 11446373 a composite number?
True
Is 5083709 prime?
True
Is 5905643 a prime number?
True
Is 71708179 a composite number?
True
Is 659313901 composite?
False
Is 69986477 a composite number?
True
Is 130896721 a prime number?
True
Is 105437361 composite?
True
Is 191086429 prime?
True
Is 26454383 prime?
True
Is 1962481 a prime number?
False
Is 579661 composite?
True
Is 2109379 composite?
True
Is 503939 prime?
True
Is 125054851 prime?
False
Is 18013529 a prime number?
True
Is 8732797 prime?
True
Is 1629428557 a prime number?
True
Is 2501309 prime?
False
Is 713588773 a composite number?
True
Is 13537757 a composite number?
False
Is 13393517 a composite number?
False
Is 2529993 a prime number?
False
Is 823385 a composite number?
True
Is 5275181 a prime number?
False
Is 850081 a prime number?
True
Is 32050199 prime?
True
Is 16251619 a composite number?
False
Is 775282 composite?
True
Is 50277845 a prime number?
False
Is 28201331 a prime number?
True
Is 9430007 a prime number?
False
Is 11687903 prime?
True
Is 2580943 prime?
False
Is 3512797 a composite number?
False
Is 258899653 composite?
False
Is 30768359 composite?
False
Is 1122493 a composite number?
True
Is 3885487 a prime number?
True
Is 9356543 prime?
False
Is 7477961 composite?
False
Is 106591 composite?
False
Is 6471037 a prime number?
True
Is 369432329 composite?
True
Is 4687399 a composite number?
False
Is 3466 composite?
True
Is 532744813 composite?
False
Is 20055193 a composite number?
True
Is 171153317 a composite number?
False
Is 432659 a composite number?
False
Is 4861139 composite?
False
Is 3975149 a composite number?
True
Is 7999063 a composite number?
True
Is 30500407 prime?
False
Is 216682239 a prime number?
False
Is 2218897 prime?
True
Is 5057573 a composite number?
False
Is 2558657 composite?
True
Is 10757798 a prime number?
False
Is 197567 a prime number?
True
Is 55937911 prime?
True
Is 2582413 composite?
True
Is 731749 prime?
False
Is 29385857 prime?
False
Is 10839943 prime?
True
Is 23621947 prime?
False
Is 439577741 composite?
False
Is 27046829 a prime number?
False
Is 627631 a prime number?
False
Is 109066051 composite?
False
Is 179824613 prime?
False
Is 1024429 a composite number?
True
Is 91951567 composite?
False
Is 3951671 a composite number?
True
Is 2318479 a prime number?
False
Is 1223143 a composite number?
True
Is 3919711 a composite number?
False
Is 1240117 composite?
False
Is 7747423 prime?
True
Is 740153 prime?
True
Is 538202447 a composite number?
False
Is 199376161 a composite number?
False
Is 245467009 composite?
True
Is 10593503 prime?
True
Is 33347507 a composite number?
False
Is 180645683 a composite number?
True
Is 669299 composite?
True
Is 43164833 prime?
True
Is 105209119 a composite number?
True
Is 58835401 prime?
False
Is 5914277 prime?
True
Is 1774153 prime?
False
Is 37584383 a composite number?
False
Is 10518347 a composite number?
True
Is 3084797 prime?
True
Is 2895747 prime?
False
Is 162200057 a composite number?
True
Is 1820807 a prime number?
False
Is 474631357 a composite number?
False
Is 3775259 a composite number?
True
Is 17302729 a composite number?
False
Is 111151497 prime?
False
Is 672097 composite?
False
Is 419618483 prime?
False
Is 206912077 a prime number?
True
Is 830681 a prime number?
False
Is 9331999 prime?
True
Is 71470679 composite?
True
Is 280405 a prime number?
False
Is 7923599 a composite number?
True
Is 2404807 prime?
True
Is 1633431 composite?
True
Is 4519